**2 - q + 4. Let k be x(4). Let g be (7/(7/3))/(24/k). Calculate the greatest common divisor of 104 and g.
52
Let l be (75/12)/((9/(-12))/3). Let b = -11 - l. Let g = b - -4. What is the highest common factor of 18 and g?
18
Suppose 0*b = -3*b + 39. Suppose -2*h = -5*x + b + 15, -3*h = -x + 16. Calculate the highest common divisor of 12 and x.
4
Let y(l) = 2*l**3 - 7*l**2 + l - 2. Suppose 5*n = 10*n - 25. Let p be y(n). What is the greatest common divisor of 4 and p?
2
Let v(j) = 8*j**2 + 8*j - 9. Let i be v(-4). Suppose 6*n = i + 87. What is the greatest common divisor of 29 and n?
29
Suppose -2410*w - 3082 = -2456*w. Let f = 1487 + -884. Calculate the greatest common divisor of f and w.
67
Let n(s) = 42*s + 198. Let f be n(-3). Calculate the highest common divisor of 104 and f.
8
Let c = -168 - -178. Suppose -17*o = -19*o - c, 5*h = 3*o + 195. Calculate the greatest common factor of h and 204.
12
Let g = 421 - 293. Suppose -4*w + 232 - g = 0. What is the highest common divisor of w and 65?
13
Let n(v) = 2491*v + 17506. Let q be n(-7). Let h be 91/2 + (-1)/(-2). What is the greatest common factor of q and h?
23
Suppose 42*d - w + 789 = 46*d, 2*d = -2*w + 390. What is the greatest common factor of d and 176?
22
Let w(o) = -73*o + 2241. Let v be w(20). Calculate the highest common divisor of v and 71.
71
Let j(o) = -o**2 + 14*o + 32. Let n be j(9). Let x = 264 - n. Calculate the highest common divisor of x and 44.
11
Let i = -11181 + 12872. What is the greatest common factor of i and 89?
89
Let q be 49/196*2*2*(-288)/(-2). What is the greatest common divisor of 7704 and q?
72
Let b be (-5 + 7)*(-318)/(-3). Suppose -f + s + 41 = -2*s, -f = 3*s - 65. What is the greatest common divisor of f and b?
53
Suppose -4*u + 983 = 5*y, -2*y - 2*u + 287 = -107. Let w be -10*-8*5/25. Suppose w*d + y = 21*d. What is the highest common factor of 13 and d?
13
Let c = -6484 - -6514. What is the highest common divisor of c and 15300?
30
Let i be ((-1515)/(-75) + -20)*(-1310)/(-2). Calculate the highest common divisor of i and 393.
131
Let b be ((-2)/4 - (57/6 + -5)) + 93. Calculate the highest common divisor of b and 3894.
22
Suppose a - 10*a + 252 = 0. Let v be -5 + (-8)/(-28) + (-4575)/(-35). What is the highest common factor of v and a?
14
Let h = -15 + 26. Suppose 2*m - h = m. Suppose 2*u = -2*z + 152, -4*u - 141 = 5*z - 522. Calculate the highest common factor of z and m.
11
Suppose 19 = 4*v + v + 3*x, -4*x = 5*v - 22. Suppose v*n = 14*n - 480. Let k = n - 30. What is the highest common divisor of k and 110?
10
Suppose -1707*b - 6240 = -1719*b. What is the highest common divisor of b and 680?
40
Let x = 17 - 2. Let n = 2491 - 4377. Let b be n/(-18) - (-16)/72. Calculate the highest common divisor of x and b.
15
Let v(g) = g**2 + 2*g + 2. Let r be v(-2). Suppose x + r = 20. Suppose 27603 = -313*n + 89577. Calculate the greatest common divisor of x and n.
18
Suppose 2*r - 1 = -5*i + 326, 30 = 5*r. What is the greatest common factor of i and 1449?
63
Suppose 2*u = -471 + 487. Suppose 25 + 3 = h + 4*k, -4*k = -u. Calculate the highest common divisor of 160 and h.
20
Suppose 9*m - 23448 = 1429 + 6767. Calculate the highest common factor of m and 24.
12
Suppose 68*x - 1056 = -308. Let r be 124/(-1) + (-1 - 1). Let b = r + 247. What is the greatest common factor of b and x?
11
Let l(b) = -15*b. Let r be l(0). Let c be 72 + (0 - r - 0/1). What is the greatest common divisor of c and 180?
36
Suppose -10*m + 0 = -30. Suppose 24*p - 28*p = m*x - 124, 0 = 3*x + 5*p - 122. Calculate the highest common factor of x and 1276.
44
Let n(i) = -297*i + 98. Let p be n(-7). Suppose p = 13*l + 201. Calculate the highest common divisor of l and 32.
8
Suppose -11*i + 1030 = -5*i - m, i - m = 170. Calculate the greatest common divisor of i and 473.
43
Let o = 287 - 9. Suppose -i - 2*y = -5*i + o, 0 = -5*i - 4*y + 380. What is the greatest common factor of i and 32?
8
Let a(j) = 2*j**2 + j. Let l be a(-3). Let z = 18012 + -18002. Calculate the greatest common factor of z and l.
5
Suppose 5 + 0 = l. Suppose -15*d + 41*d = 3770. Calculate the greatest common factor of d and l.
5
Let a(j) = 24*j + 156. Let t be a(-5). What is the greatest common factor of 850 and t?
2
Let l be (-4 - (-2 - 905/15))/((-5)/(-15)). What is the highest common factor of 35 and l?
35
Let k(s) = -45*s - 315. Let h be k(-12). Calculate the highest common divisor of h and 120.
15
Let s(b) = b - 30. Let i be s(30). Suppose -2*z - x - 4*x + 210 = i, -4*z + 3*x = -420. Calculate the highest common divisor of 280 and z.
35
Let k(i) = -2*i**3 + 22*i**2 + 52*i - 287. Let p be k(12). Calculate the highest common factor of p and 7693.
49
Suppose 5*d + 3*o - 20 = 2*o, 4*d + 3 = 3*o. Suppose 4*s = -d*f + 205, 0*f - 2*f + 2*s = -160. Calculate the greatest common divisor of 15 and f.
15
Suppose -16*x = 7*x + 92. Let n(s) = -s**2 - 10*s + 15. Let c be n(x). What is the greatest common factor of 221 and c?
13
Suppose 4*k - 70 - 83 = -3*v, 0 = 5*v + 3*k - 255. Let q be ((-3)/(-9))/1 - (7978/(-6) - (-270 + 266)). Calculate the greatest common divisor of q and v.
51
Let n = -27 + 39. Let k be (-1)/(4/n)*4/(-6). Suppose 4*g - u - 18 = 30, k*g - 46 = -5*u. What is the highest common divisor of 1 and g?
1
Suppose -25*p = 3668 - 13018. Calculate the highest common factor of 2210 and p.
34
Suppose -2*k + 9 = 11. Let h be k/2 + (-63)/(-6). Suppose -s - 3*o + 15 = -h, -5*s - 5*o + 175 = 0. Calculate the greatest common factor of 360 and s.
40
Let d(j) = 9*j**3 - 3*j**2 + 4*j - 5. Suppose -10*u + 6*u = -8. Let t be d(u). Let i = t - 61. What is the highest common factor of i and 5?
1
Let f(s) = -s**3 + 31*s**2 - 175*s + 74. Let n be f(23). Calculate the greatest common factor of 4 and n.
1
Suppose 110 - 167 = -3*r. Suppose 3384 = r*w + 724. Calculate the greatest common factor of 20 and w.
20
Let z = 4614 + -1462. Calculate the highest common factor of 16 and z.
16
Let l be (-201)/(-6)*(-10 + 12). Let m be 2 + -4 + l + -6. What is the highest common divisor of m and 118?
59
Let q = 497 + -493. Suppose 2*h - 6*h - 332 = -3*p, -3*p + 316 = q*h. Calculate the greatest common divisor of 48 and p.
12
Let s(t) = -t**2 - 21*t + 18. Let w be s(-22). Let h be (-4 + (-3)/(-1))*w. Suppose -h*m - 4*m = -1008. What is the highest common divisor of m and 14?
14
Let c be (-3)/(-2)*16150/57. Calculate the greatest common divisor of 51 and c.
17
Let r(o) = -o**3 - 40*o**2 + 37*o - 128. Let u be r(-41). Let t be (-77)/(-6) + (-4 - (-150)/u). What is the greatest common factor of 1391 and t?
13
Suppose -4*f = -5*r - 2*f + 14, -8 = 4*f. Suppose -5*x + 38 = 3*q, r*q = -2*q + 4. Suppose -87*u + 131*u = 2464. What is the greatest common divisor of x and u?
7
Let v(z) = z**3 + 131*z**2 + 345*z - 108. Let b be v(-125). Calculate the greatest common divisor of b and 27.
27
Suppose 15884*c - 15892*c = -72. Calculate the greatest common divisor of 2013 and c.
3
Let c be (-3 + (-10)/(-5))*-4. Let r = 3673 - 3659. Calculate the greatest common divisor of r and c.
2
Let h(d) = -d**3 - 2*d**2 + 27*d - 7. Let v be h(4). Suppose -v*i - 47 = -3*a - 4, 3*a - 3*i = 51. Calculate the greatest common factor of 231 and a.
21
Let l(a) be the third derivative of -19*a**4/24 + 29*a**3/3 - a**2. Let m be l(2). What is the highest common divisor of 4 and m?
4
Suppose 13*o + 43 = 55*o - 41*o. What is the highest common divisor of o and 5633?
43
Suppose 872*k - 834*k = 798. Let r(z) = 2*z**2 - z + 1. Let t be r(2). Calculate the greatest common divisor of t and k.
7
Let p = -347 + 1147. What is the highest common factor of p and 150?
50
Suppose -2*b + 7 = -s, 2*s - 2 = b - 4. Suppose -2*q = b*t - 2*t - 112, 5*t - 4*q = 262. Calculate the greatest common factor of t and 135.
27
Suppose 6*w = 4*w. Suppose -4*a + 5*y + 129 = 0, -2*a + 3*a - 3*y - 27 = w. Suppose 333 + 3 = 14*b. Calculate the greatest common divisor of b and a.
12
Suppose 34 - 30 = -2*s, w - 108 = -4*s. Calculate the highest common factor of w and 20.
4
Let l(k) = 327*k + 37. Let j be l(0). Suppose 14*y - 12*y - 518 = 0. What is the greatest common divisor of j and y?
37
Suppose 4*m - 3*h - 1050 + 741 = 0, 0 = m + 4*h - 101. Calculate the highest common factor of m and 1539.
81
Let i be ((-15)/10 + 3)/((-42)/(-3808)